 60680?
0
What is the ten thousands digit of 39506?
3
What is the units digit of 1125?
5
What is the units digit of 2518?
8
What is the tens digit of 7256?
5
What is the units digit of 8350?
0
What is the hundreds digit of 7836?
8
What is the hundreds digit of 284?
2
What is the tens digit of 10044?
4
What is the tens digit of 3224?
2
What is the hundreds digit of 5363?
3
What is the units digit of 304?
4
What is the tens digit of 3701?
0
What is the units digit of 635?
5
What is the thousands digit of 75527?
5
What is the hundreds digit of 1889?
8
What is the hundreds digit of 470?
4
What is the hundreds digit of 105421?
4
What is the ten thousands digit of 10579?
1
What is the hundreds digit of 77125?
1
What is the thousands digit of 8195?
8
What is the hundreds digit of 612?
6
What is the units digit of 47284?
4
What is the units digit of 1923?
3
What is the hundreds digit of 718?
7
What is the tens digit of 49827?
2
What is the hundreds digit of 968?
9
What is the hundreds digit of 9803?
8
What is the tens digit of 32708?
0
What is the ten thousands digit of 68094?
6
What is the thousands digit of 155504?
5
What is the tens digit of 7695?
9
What is the tens digit of 3627?
2
What is the tens digit of 1367?
6
What is the units digit of 1692?
2
What is the hundreds digit of 523?
5
What is the units digit of 17064?
4
What is the units digit of 54611?
1
What is the tens digit of 1072?
7
What is the units digit of 763?
3
What is the thousands digit of 4696?
4
What is the tens digit of 4615?
1
What is the tens digit of 2375?
7
What is the hundreds digit of 81069?
0
What is the tens digit of 7310?
1
What is the ten thousands digit of 12532?
1
What is the tens digit of 6544?
4
What is the units digit of 44461?
1
What is the thousands digit of 2840?
2
What is the thousands digit of 9170?
9
What is the units digit of 32099?
9
What is the units digit of 331?
1
What is the units digit of 39920?
0
What is the ten thousands digit of 16288?
1
What is the units digit of 427?
7
What is the hundreds digit of 1680?
6
What is the thousands digit of 12001?
2
What is the tens digit of 1211?
1
What is the hundreds digit of 18552?
5
What is the units digit of 124638?
8
What is the thousands digit of 2868?
2
What is the hundreds digit of 2883?
8
What is the tens digit of 2408?
0
What is the tens digit of 67626?
2
What is the tens digit of 1174?
7
What is the thousands digit of 1464?
1
What is the tens digit of 59230?
3
What is the units digit of 5920?
0
What is the tens digit of 1336?
3
What is the thousands digit of 1001?
1
What is the tens digit of 1136?
3
What is the hundreds digit of 984?
9
What is the units digit of 185?
5
What is the tens digit of 20041?
4
What is the units digit of 37406?
6
What is the units digit of 5829?
9
What is the hundreds digit of 5028?
0
What is the tens digit of 27459?
5
What is the units digit of 13519?
9
What is the units digit of 5295?
5
What is the thousands digit of 7937?
7
What is the units digit of 1378?
8
What is the hundreds digit of 404?
4
What is the tens digit of 1237?
3
What is the units digit of 79?
9
What is the units digit of 31165?
5
What is the ten thousands digit of 41735?
4
What is the tens digit of 298?
9
What is the tens digit of 17?
1
What is the tens digit of 1006?
0
What is the tens digit of 1249?
4
What is the units digit of 126?
6
What is the units digit of 5724?
4
What is the thousands digit of 33828?
3
What is the tens digit of 423?
2
What is the tens digit of 4509?
0
What is the hundreds digit of 55956?
9
What is the tens digit of 665?
6
What is the units digit of 539?
9
What is the tens digit of 2104?
0
What is the units digit of 370?
0
What is the thousands digit of 3130?
3
What is the units digit of 13917?
7
What is the thousands digit of 2055?
2
What is the ten thousands digit of 86563?
8
What is the units digit of 3299?
9
What is the units digit of 4321?
1
What is the hundreds digit of 2237?
2
What is the hundreds digit of 11150?
1
What is the units digit of 2278?
8
What is the hundreds digit of 330?
3
What is the hundreds digit of 766?
7
What is the hundreds digit of 911?
9
What is the units digit of 8631?
1
What is the thousands digit of 4975?
4
What is the hundreds digit of 16903?
9
What is the hundreds digit of 6834?
8
What is the thousands digit of 58112?
8
What is the tens digit of 71009?
0
What is the hundreds digit of 4230?
2
What is the units digit of 65408?
8
What is the hundreds digit of 4750?
7
What is the units digit of 3713?
3
What is the hundreds digit of 1079?
0
What is the tens digit of 14917?
1
What is the tens digit of 1290?
9
What is the units digit of 34797?
7
What is the tens digit of 72883?
8
What is the units digit of 749?
9
What is the tens digit of 809?
0
What is the thousands digit of 1323?
1
What is the hundreds digit of 721?
7
What is the hundreds digit of 203902?
9
What is the hundreds digit of 9784?
7
What is the thousands digit of 1263?
1
What is the hundreds digit of 2232?
2
What is the ten thousands digit of 87070?
8
What is the units digit of 9016?
6
What is the tens digit of 1214?
1
What is the thousands digit of 5375?
5
What is the hundreds digit of 1307?
3
What is the hundreds digit of 7355?
3
What is the tens digit of 36786?
8
What is the units digit of 552?
2
What is the hundreds digit of 46321?
3
What is the thousands digit of 124818?
4
What is the hundreds digit of 5007?
0
What is the ten thousands digit of 23746?
2
What is the units digit of 15432?
2
What is the units digit of 1228?
8
What is the thousands digit of 41238?
1
What is the thousands digit of 6005?
6
What is the hundreds digit of 7206?
2
What is the tens digit of 110916?
1
What is the units digit of 27728?
8
What is the units digit of 9767?
7
What is the thousands digit of 6253?
6
What is the units digit of 11845?
5
What is the tens digit of 2450?
5
What is the ten thousands digit of 16234?
1
What is the hundreds digit of 6282?
2
What is the tens digit of 6440?
4
What is the thousands digit of 6444?
6
What is the units digit of 53?
3
What is the thousands digit of 3534?
3
What is the units digit of 2095?
5
What is the units digit of 7534?
4
What is the tens digit of 22055?
5
What is the hundreds digit of 1716?
7
What is the hundreds digit of 172?
1
What is the thousands digit of 2359?
2
What is the tens digit of 5389?
8
What is the thousands digit of 40523?
0
What is the tens digit of 3001?
0
What is the thousands digit of 44149?
4
What is the tens digit of 1832?
3
What is the hundreds digit of 78263?
2
What is the thousands digit of 7726?
7
What is the tens digit of 29450?
5
What is the units digit of 2631?
1
What is the thousands digit of 11872?
1
What is the hundreds digit of 100622?
6
What is the units digit of 61830?
0
What is the units digit of 810?
0
What is the units digit of 482?
2
What is the tens digit of 96384?
8
What is the units digit of 87839?
9
What is the units digit of 1353?
3
What is the thousands digit of 1647?
1
What is the hundreds digit of 89746?
7
What is the units digit of 1344?
4
What is the tens digit of 2026?
2
What is the tens digit of 6176?
7
What is the thousands digit of 1802?
1
What is the tens digit of 919?
1
What is the units digit of 2367?
7
What is the units digit of 5431?
1
What is the hundreds digit of 23939?
9
What is the ten thousands digit of 15277?
1
What is the tens digit of 10992?
9
What is the units digit of 722?
2
What is the units digit of 411?
1
What is the tens digit of 13732?
3
What is the thousands digit of 5344?
5
What is the thousands digit of 19896?
9
What is the tens digit of 17112?
1
What is the units digit of 1974?
4
What is the hundreds digit of 571?
5
What is the tens digit of 3808?
0
What is the hundreds digit of 1970?
9
What is the hundreds digit of 243?
2
What is the hundreds digit of 180?
1
What is the hundreds digit of 27450?
4
What is the units digit of 1309?
9
What is the thousands digit of 16709?
6
What is the tens digit of 7346?
4
What is the tens digit of 1066?
6
What is the units digit of 1214?
4
What is the hundreds digit of 11346?
3
What is the thousands digit of 35216?
5
What is the tens digit of 5002?
0
What is the units digit of 2157?
7
What is the units digit of 203?
3
What is the units digit of 70049?
9
What is t